{"id":233,"date":"2016-10-01T23:14:29","date_gmt":"2016-10-01T20:14:29","guid":{"rendered":"http:\/\/kuljuntausta.com\/?page_id=233"},"modified":"2016-10-04T17:59:18","modified_gmt":"2016-10-04T14:59:18","slug":"pk-project","status":"publish","type":"page","link":"http:\/\/kuljuntausta.com\/index.php\/pk-project\/","title":{"rendered":"Petri Kuljuntausta Project!"},"content":{"rendered":"<hr \/>\n<h1><strong>PETRI KULJUNTAUSTA PROJECT!<\/strong><br \/>\n[1989-1993]<\/h1>\n<h5><\/h5>\n<h5>Petri Kuljuntausta Project! oli toiminnassa vuodet 1989-1993. <em>Visions &amp; Play<\/em> -albumi \u00e4\u00e4nitettiin huhtikuussa 1992. Kes\u00e4kuussa tehtiin studiossa muutamia lis\u00e4-\u00e4\u00e4nityksi\u00e4, miksattiin ja tehtiin master. Albumi painettiin Norjassa ja se ilmestyi loppuvuodesta. Jakelusta vastasi Amigo Music.<\/h5>\n<h5>Levyll\u00e4 soittanut kvintetti oli PK Projectin pitk\u00e4ik\u00e4isin kokoonpano. Muusikot paneutuivat hommaan t\u00e4ysill\u00e4 vaikka olivat kiireisi\u00e4 ja monessa mukana.\u00a0 S\u00e4velsin yhtyeelle paljon biisej\u00e4, joita testattiin ensin harjoituksissa ja valikoitua osaa keikoilla. Aika moni keikoista \u00e4\u00e4nitettiin, jotta esityksi\u00e4 saattoi arvioida my\u00f6hemminkin. Pikku hiljaa valikoitui se kokonaisuus joka p\u00e4\u00e4tyi levylle.<\/h5>\n<h5>Ennen levytyst\u00e4 kokoonpano etsi muotooan. Varhaisvaiheessa yhtyeess\u00e4 soittivat Marian Petrescu pianossa ja veljens\u00e4 Mihai bassossa. Teimme Suomessa keikkoja ja nauhoituksia 1989-1990. Marian ei p\u00e4\u00e4ssyt aina keikalle ja silloin soitimme ilman h\u00e4nt\u00e4 tai paikkaamaan tuli pianisti Petri Toiviainen.<\/h5>\n<h5>S\u00e4velsin my\u00f6s Marianille pari jazzbiisi\u00e4 joita h\u00e4n esitti keikoillaan. Vastavuoroisesti Marian kutsui minut soittamaan yhtyeens\u00e4 Euroopan kiertueelle. B\u00e4ndiss\u00e4 soitti Chick Corean basisti. Valitettavasti ranskalainen kiertuemanageri ei innostunut isosta kokoonpanosta ja s\u00e4hk\u00f6isest\u00e4 musiikista vaan j\u00e4rjesti kiertueen Marianin akustiselle triolle. Antti Rechardt soitti yhtyeess\u00e4ni syntetisaattoria reilu vuoden ajan. H\u00e4n soitti sek\u00e4 Petrescujen aikaan ett\u00e4 uudessa Laukkanen-T\u00f6rm\u00e4nen -kokoonpanossa mutta j\u00e4i pois ennen levytyst\u00e4.<\/h5>\n<h5>Ennen PK Projectin perustamista minulla oli my\u00f6s lyhyeksi j\u00e4\u00e4nyt kokoonpano jolla kokeilimme s\u00e4vellyksi\u00e4ni. Yhtyeess\u00e4 oli Sami Varvikko bassossa ja Petteri Pitk\u00e4nen kosketinsoittimissa. T\u00e4m\u00e4 kokoonpano ei muistaakseni esiintynyt julkisesti. Jaakko &#8216;Jaska&#8217; Lehtonen oli l\u00e4pi vuodet kaikkien kokoonpanoversioiden rumpalina.<\/h5>\n<h5>Sivuprojektina olin sessioinut legendaarisen rumpali Ippe K\u00e4tk\u00e4n kanssa.<em> Visions &amp; Play<\/em> -albumin julkaisukonsertti oli alkuvuodesta 1993 ja Ippe tuli perkussioillaan vahvistamaan yhtyett\u00e4. Treenasimme mutta valitettavasti yll\u00e4tysvieras ei lopulta p\u00e4\u00e4ssyt soittamaan kanssamme julkaisukonsertissa.<\/h5>\n<h5>Vuonna 1993 tein yhtyeeni kanssa kolmen kappaleen studiosession suunnitteilla olevaa uutta albumia varten. Koneet ja synteettinen \u00e4\u00e4nimaailma oli yh\u00e4 vahvemmin mukana musiikissa ja sessio onnistui hyvin. PK Projectin albumi j\u00e4i lopulta tekem\u00e4tt\u00e4 sill\u00e4 olin jo syv\u00e4ll\u00e4 uudessa projektissani joka vei mukanaan.<\/h5>\n<h5>S\u00e4velsin musiikkia Petri Kuljuntausta Ensemblelle. Kyseess\u00e4 oli iso kokoonpano, jossa oli kaksi viulua, alttoviulu, sello, kitara, puhaltimet, piano ja syntetisaattorit, kontrabasso ja kaksi ly\u00f6m\u00e4soittajaa. S\u00e4vellys <em>Descendere<\/em> jousikvartetille ja syntetisaattorille p\u00e4\u00e4tyi videoteoksen \u00e4\u00e4niraidaksi, loput \u00e4\u00e4nityssessiot ovat julkaisemattomia. T\u00e4m\u00e4kin yhtye oli v\u00e4livaihe. Lopetin kitaran soittamisen ja s\u00e4velt\u00e4misen perinteisille instrumenteille ja siirryin tekem\u00e4\u00e4n musiikkia elektronisista ja ymp\u00e4rist\u00f6n \u00e4\u00e4nist\u00e4.<\/h5>\n<p>&nbsp;<\/p>\n<hr \/>\n<h3>Petri Kuljuntausta Project!<\/h3>\n<h5>Petri Kuljuntausta: Guitar, Guitar Synthesizer [Midi-interface], Synthesizer, Drum Programming, Compositions, Arrangements, Producer<br \/>\nMatti Laukkanen: Piano, Synthesizer, Sampler, Producer<br \/>\nMikko Saikkonen: Soprano Saxophone, Tenor Saxophone, Clarinet<br \/>\nPekka T\u00f6rm\u00e4nen: 5-string Bass, Fretless Bass<br \/>\nJaska Lehtonen: Drums, Electric Drums, Drum Programming<\/h5>\n<h5>Guests artists on the Visions &amp; Play album:<br \/>\nJohn Richardson: Poetry Reading, Vocals, Lyrics<br \/>\nJuuso Nordlund: Producer, Engineer<\/h5>\n<hr \/>\n<h5>\u201cKuljuntaustan s\u00e4vellykset sis\u00e4lt\u00e4v\u00e4t paljon hyvi\u00e4 ideoita ja hahmotuksia. H\u00e4n uskoo hienovaraisiin virityksiin, huolella sommiteltuihin teemoihin ja hallittuihin sointiv\u00e4reihin.\u201d Aksentti! &#8211; Mikko Voutilainen<\/h5>\n<h5>\u201c \u201cVisions And Play\u201d on mielenkiintoinen levy. Rakenteet ovat tarkkaan harkittuja ja p\u00e4\u00e4ll\u00e4 kulkevat teemat muodostavat niille j\u00e4nnitt\u00e4vi\u00e4 kontrasteja. Kuljuntausta on kirjoittanut s\u00e4vellyksens\u00e4 huolellisesti. Varmaotteisuus ja seikkailumieliala kulkevat k\u00e4si k\u00e4dess\u00e4 PKP!:n musiikissa.\u201d Forssan Lehti &#8211; Janne M\u00e4kel\u00e4<\/h5>\n<h5>\u201cBiisien rakenteissa on ideaa, niiden esillepanossa tyylikkyytt\u00e4 ja osaamisen iloista estetiikkaa.\u201d Rytmimusiikki-lehti &#8211; Jaakko Er\u00e4puu<\/h5>\n<h5>\u201cKorvaan tarttuu paljon tuoretta ja kantavaa s\u00e4vellysideaa sek\u00e4 hyvi\u00e4 sointeja ja hyv\u00e4\u00e4 soittoa.\u201d Helsingin Sanomat &#8211; Jukka Hauru<\/h5>\n<h5>\u201cOmalla sektorillaan (PKP!n) j\u00e4tk\u00e4t pesev\u00e4t mennen tullen monet ulkomaisetkin yritt\u00e4j\u00e4t, eli n\u00e4kemyst\u00e4 l\u00f6ytyy.\u201d Rytmimusiikki-lehti &#8211; Jaakko Er\u00e4puu<\/h5>\n<h5>\u201cMusiikissa on ilmavuutta, mukavia soundeja ja ratkaisevia nyansseja.\u201d Keskisuomalainen &#8211; Mikko Voutilainen<\/h5>\n<h5>\u201c(musiikki on)&#8230; s\u00e4vykk\u00e4iden sointiv\u00e4rien ja kekseli\u00e4iden nyanssien jatkumoa. Ensembleosuudet hoituvat erityisen oivallisin ottein. Kuvioita on hiottu ja asioita pohdittu.\u201d Rytmimusiikki-lehti &#8211; Jaakko Er\u00e4puu<\/h5>\n<h5>\u201cKuljuntausta kuuluu niihin ik\u00e4polvensa harvinaisuuksiin, jotka opettelivat SOITTAMAAN sill\u00e4 aikaa kun toiset keskittyiv\u00e4t kuuntelemaan paskaa.\u201d YLE: Hipnoosi-ohjelma &#8211; Jari-Pekka Vuorela<\/h5>\n<h5>\u201cKoneet ja tekniikka ovat hallussa ja niit\u00e4 on osattu hy\u00f6dynt\u00e4\u00e4 oikein niin, ett\u00e4 musiikki on runsaan teknologian ja konepuolen k\u00e4yt\u00f6st\u00e4 el\u00e4v\u00e4\u00e4, hengitt\u00e4v\u00e4\u00e4. Soundipuoli on erinomainen ja miksaus onnistunut.\u201d Jazzlt! -lehti &#8211; Timo V\u00e4h\u00e4silta<\/h5>\n<h5>\u201c(P.K.Project!)&#8230; pelaa soinneilla, s\u00e4vyill\u00e4 ja nyansseilla, jotka ovat oleellinen osa Kuljuntaustan s\u00e4vellysty\u00f6t\u00e4.\u201d Keskisuomalainen &#8211; Mikko Voutilainen<\/h5>\n<h5>\u201c\u201cVisions And Play\u201d on esikoislevyksi harvinaisen kyps\u00e4 ja huolellisesti ty\u00f6stetty&#8230;.suuri positiivinen yll\u00e4tys.\u201d Jazzlt!-lehti &#8211; Timo V\u00e4h\u00e4silt\u00e4<\/h5>\n<h5>\u201cPKP! tunnistaa ajan trendit, mutta se ei liiaksi takerru niihin. Yhtyeen esikoislevyn s\u00e4mplet, etnovaikutteet ja rumpukone ovatkin vain mausteita, jotka eiv\u00e4t peit\u00e4 sit\u00e4 tosiseikkaa, ett\u00e4 PKP! kurkottaa enemm\u00e4n menneisyyteen.\u201d Forssan Lehti &#8211; Janne M\u00e4kel\u00e4<\/h5>\n<h5>\u201c(P.K. Project!)&#8230;ei ole ryvettynyt etel\u00e4n trendimyllyiss\u00e4.\u201d Helsingin Sanomat &#8211; Jukka Hauru<\/h5>\n<h5>\u201cMusiikki on hyvin sovitettua ja tyylikk\u00e4\u00e4n tarkkaa ty\u00f6t\u00e4.\u201d Jazzlt! -lehti &#8211; Timo V\u00e4h\u00e4silta<\/h5>\n<h5>\u201cKitaristi ja s\u00e4velt\u00e4j\u00e4 Petri Kuljuntausta kuuluu niihin yh\u00e4 yleistyviin musiikintekij\u00f6ihin, jotka eiv\u00e4t tuijota kategorioita musiikillista maailmankuvaa rakentaessaan.\u201dAksentti! &#8211; Mikko Voutilainen<\/h5>\n<p><\/p>","protected":false},"excerpt":{"rendered":"<p>PETRI KULJUNTAUSTA PROJECT! [1989-1993] Petri Kuljuntausta Project! oli toiminnassa vuodet 1989-1993. Visions &amp; Play -albumi \u00e4\u00e4nitettiin huhtikuussa 1992. Kes\u00e4kuussa tehtiin studiossa muutamia lis\u00e4-\u00e4\u00e4nityksi\u00e4, miksattiin ja tehtiin master. Albumi painettiin Norjassa ja se ilmestyi loppuvuodesta. Jakelusta vastasi Amigo Music. Levyll\u00e4 soittanut kvintetti oli PK Projectin pitk\u00e4ik\u00e4isin kokoonpano. Muusikot paneutuivat hommaan t\u00e4ysill\u00e4 vaikka olivat kiireisi\u00e4 ja monessa&hellip;<\/p>\n","protected":false},"author":1,"featured_media":0,"parent":0,"menu_order":0,"comment_status":"closed","ping_status":"closed","template":"","meta":{"spay_email":""},"yoast_head":"<!-- This site is optimized with the Yoast SEO plugin v15.4 - https:\/\/yoast.com\/wordpress\/plugins\/seo\/ -->\n<title>Petri Kuljuntausta Project! - Petri Kuljuntausta<\/title>\n<meta name=\"robots\" content=\"index, follow, max-snippet:-1, max-image-preview:large, max-video-preview:-1\" \/>\n<link rel=\"canonical\" href=\"http:\/\/kuljuntausta.com\/index.php\/pk-project\/\" \/>\n<meta property=\"og:locale\" content=\"en_GB\" \/>\n<meta property=\"og:type\" content=\"article\" \/>\n<meta property=\"og:title\" content=\"Petri Kuljuntausta Project! - Petri Kuljuntausta\" \/>\n<meta property=\"og:description\" content=\"PETRI KULJUNTAUSTA PROJECT! [1989-1993] Petri Kuljuntausta Project! oli toiminnassa vuodet 1989-1993. Visions &amp; Play -albumi \u00e4\u00e4nitettiin huhtikuussa 1992. Kes\u00e4kuussa tehtiin studiossa muutamia lis\u00e4-\u00e4\u00e4nityksi\u00e4, miksattiin ja tehtiin master. Albumi painettiin Norjassa ja se ilmestyi loppuvuodesta. Jakelusta vastasi Amigo Music. Levyll\u00e4 soittanut kvintetti oli PK Projectin pitk\u00e4ik\u00e4isin kokoonpano. Muusikot paneutuivat hommaan t\u00e4ysill\u00e4 vaikka olivat kiireisi\u00e4 ja monessa&hellip;\" \/>\n<meta property=\"og:url\" content=\"http:\/\/kuljuntausta.com\/index.php\/pk-project\/\" \/>\n<meta property=\"og:site_name\" content=\"Petri Kuljuntausta\" \/>\n<meta property=\"article:modified_time\" content=\"2016-10-04T14:59:18+00:00\" \/>\n<meta name=\"twitter:card\" content=\"summary\" \/>\n<meta name=\"twitter:label1\" content=\"Written by\">\n\t<meta name=\"twitter:data1\" content=\"PK13425-OVH\">\n\t<meta name=\"twitter:label2\" content=\"Estimated reading time\">\n\t<meta name=\"twitter:data2\" content=\"3 minutes\">\n<script type=\"application\/ld+json\" class=\"yoast-schema-graph\">{\"@context\":\"https:\/\/schema.org\",\"@graph\":[{\"@type\":\"WebSite\",\"@id\":\"https:\/\/kuljuntausta.com\/#website\",\"url\":\"https:\/\/kuljuntausta.com\/\",\"name\":\"Petri Kuljuntausta\",\"description\":\"\",\"potentialAction\":[{\"@type\":\"SearchAction\",\"target\":\"https:\/\/kuljuntausta.com\/?s={search_term_string}\",\"query-input\":\"required name=search_term_string\"}],\"inLanguage\":\"en-GB\"},{\"@type\":\"WebPage\",\"@id\":\"http:\/\/kuljuntausta.com\/index.php\/pk-project\/#webpage\",\"url\":\"http:\/\/kuljuntausta.com\/index.php\/pk-project\/\",\"name\":\"Petri Kuljuntausta Project! - Petri Kuljuntausta\",\"isPartOf\":{\"@id\":\"https:\/\/kuljuntausta.com\/#website\"},\"datePublished\":\"2016-10-01T20:14:29+00:00\",\"dateModified\":\"2016-10-04T14:59:18+00:00\",\"inLanguage\":\"en-GB\",\"potentialAction\":[{\"@type\":\"ReadAction\",\"target\":[\"http:\/\/kuljuntausta.com\/index.php\/pk-project\/\"]}]}]}<\/script>\n<!-- \/ Yoast SEO plugin. -->","jetpack_sharing_enabled":true,"jetpack_shortlink":"https:\/\/wp.me\/P7UaIW-3L","_links":{"self":[{"href":"http:\/\/kuljuntausta.com\/index.php\/wp-json\/wp\/v2\/pages\/233"}],"collection":[{"href":"http:\/\/kuljuntausta.com\/index.php\/wp-json\/wp\/v2\/pages"}],"about":[{"href":"http:\/\/kuljuntausta.com\/index.php\/wp-json\/wp\/v2\/types\/page"}],"author":[{"embeddable":true,"href":"http:\/\/kuljuntausta.com\/index.php\/wp-json\/wp\/v2\/users\/1"}],"replies":[{"embeddable":true,"href":"http:\/\/kuljuntausta.com\/index.php\/wp-json\/wp\/v2\/comments?post=233"}],"version-history":[{"count":11,"href":"http:\/\/kuljuntausta.com\/index.php\/wp-json\/wp\/v2\/pages\/233\/revisions"}],"predecessor-version":[{"id":293,"href":"http:\/\/kuljuntausta.com\/index.php\/wp-json\/wp\/v2\/pages\/233\/revisions\/293"}],"wp:attachment":[{"href":"http:\/\/kuljuntausta.com\/index.php\/wp-json\/wp\/v2\/media?parent=233"}],"curies":[{"name":"wp","href":"https:\/\/api.w.org\/{rel}","templated":true}]}}