{"id":79,"date":"2016-09-20T22:32:41","date_gmt":"2016-09-20T19:32:41","guid":{"rendered":"http:\/\/kuljuntausta.com\/?page_id=79"},"modified":"2020-03-18T02:03:42","modified_gmt":"2020-03-17T23:03:42","slug":"texts","status":"publish","type":"page","link":"https:\/\/kuljuntausta.com\/index.php\/texts\/","title":{"rendered":"Texts"},"content":{"rendered":"<hr \/>\n<h5>2019<\/h5>\n<h5>Petri Kuljuntausta: <em>Reminiscences &#8211; on the influence of Philip Glass and early minimal music<\/em>.\u00a0 In Novak, Jelena and John Richardson (eds.) <a href=\"https:\/\/www.routledge.com\/Einstein-on-the-Beach-Opera-beyond-Drama-1st-Edition\/Novak-Richardson\/p\/book\/9781315578989\"><em>Einstein on the Beach: Opera beyond Drama<\/em><\/a>. Routledge.<\/h5>\n<h5>2018<\/h5>\n<h5>Petri Kuljuntausta: Making of &#8216;Earth Sound&#8217; Installation. <a href=\"http:\/\/www.aigrayson.com\/soundest\/\">Soundest<\/a>\u00a0 #1.<\/h5>\n<h5>Auli S\u00e4rki\u00f6-Pitk\u00e4nen: <em>By the Sound<\/em>. (<a href=\"https:\/\/rondolehti.fi\/artikkelit\/lehtiartikkeli\/aanen-aarella\/\">\u00c4\u00e4nen \u00e4\u00e4rell\u00e4<\/a>.) Rondo, September 2018.<\/h5>\n<h5>Cilla Bhose: Science connects to music &#8211; if needed, even in the pool under water. The underwater works of sound artist Petri Kuljuntausta are presented in the swimming pools. (<a href=\"https:\/\/www.kauppalehti.fi\/uutiset\/tiede-yhdistyy-musiikkiin-tarvittaessa-vaikka-uimahallissa-veden-alla\/8af23238-d649-3b04-bd46-a13f9bb0490c\">Tiede yhdistyy musiikkiin &#8211; tarvittaessa vaikka uimahallissa veden alla. \u00c4\u00e4nitaiteilija Petri Kuljuntaustan teoksia on esitetty uimahallissa veden alla.<\/a>) Kauppalehti 6.9.2018.<\/h5>\n<h5>Elisa H\u00e4rm\u00e4: <a href=\"http:\/\/kuljuntausta.com\/index.php\/petri-kuljuntausta-interview-by-elisa-harma\/\">Petri Kuljuntausta interview<\/a><\/h5>\n<h5>Inner Magazine: <a href=\"https:\/\/www.inner-magazines.com\/culture\/clocks-ticking\/\">Clocks Ticking<\/a>.<\/h5>\n<h5>Eija Aarnio: <a href=\"http:\/\/www.valtiontaideteostoimikunta.fi\/blogi\/sadan-kellon-tikitykset\/\">Sadan kellon tikitykset<\/a> (Tickings of 100 Clocks).<\/h5>\n<h5>Arts Council of Finland: <em>Petri Kuljuntausta&#8217;s sound work Tempus will be released at the Helsinki Music Centre on January 29, 2018 at 15.00<\/em> (<a href=\"http:\/\/valtiontaideteostoimikunta.cmail20.com\/t\/ViewEmail\/d\/8F4EF9CD5B5C8C9C2540EF23F30FEDED\/2EBEAEDE96C76555F1E87EB810D8F10A\">Petri Kuljuntaustan \u00e4\u00e4niteos Tempus julkistetaan Musiikkitalossa ma 29.1.2018 klo 15<\/a>)<\/h5>\n<h5>2017<\/h5>\n<h5>Petri Kuljuntausta: <a href=\"https:\/\/www.inner-magazines.com\/music\/phill-niblock-interviewed\/\">Phill Niblock interviewed<\/a>. Inner magazine.<\/h5>\n<h5>Heidi Horila: <em>Moniaistinen taideteos vie vedenalaiseen maailmaan<\/em>. Turun Sanomat 5.9.2017<\/h5>\n<h5>Marie Hahta: <em>Joutsenia Runohuoneessa<\/em>. <a href=\"http:\/\/www.tfo.fi\/fi\/node\/3503\">Turun Filharmoninen Orkesteri<\/a><\/h5>\n<h5>Heidi Horila: <em>\u00c4\u00e4ni-installaatio sulautuu ymp\u00e4rist\u00f6\u00f6ns\u00e4<\/em>. Turun Sanomat, May 2017.<\/h5>\n<h5>Petri Kuljuntausta: <em>The Great White Bird 26.4.-7.5. P\u00e4\u00e4kirjastossa (2017, installaatio-versio)<\/em>. <a href=\"http:\/\/www.tfo.fi\/fi\/node\/3259\">Turun Filharmoninen Orkesteri<\/a><\/h5>\n<h5>Petri Kuljuntausta: <em>Waveforms in a Space \/ Aaltomuotoja tilassa\u00a0\/ V\u00e5gformer i ett rum.<\/em> A writing and its translations in a book Gr\u00f6nlund-Nisunen: <em>Grey Area<\/em>, published by STY \/ Suomen Taideyhdistys.<\/h5>\n<h5>2016<\/h5>\n<h5>Elina Salin: <em>Sound art shakes the usual ways of thinking<\/em>. (<a href=\"https:\/\/rondolehti.fi\/tuoreimmat\/rplusartikkelit\/aanitaide-nyrjayttaa-totuttuja-ajattelutapoja\/\">\u00c4\u00e4nitaide nyrj\u00e4ytt\u00e4\u00e4 totuttuja ajattelutapoja<\/a>). Rondo 12.10.2016.<\/h5>\n<h5>Petri Kuljuntausta: <a href=\"http:\/\/kuljuntausta.com\/index.php\/minimalism\/\" target=\"_blank\" rel=\"noopener noreferrer\">Minimalism, Phase-Shifting and Sound Installations<\/a><\/h5>\n<h5>Petri Kuljuntausta: <a href=\"http:\/\/www.othercinema.com\/otherzine\/video-works-from-the-dust-and-scratches-of-a-phonograph-record\/\"><em>Video Works From the Dust and Scratches of a Phonograph Record<\/em><\/a>. OtherZine Spring 2016: Issue 30<\/h5>\n<h5>Petri Kuljuntausta: <a href=\"http:\/\/kuljuntausta.com\/index.php\/red-lines\/\" target=\"_blank\" rel=\"noopener noreferrer\">Red Lines<\/a><\/h5>\n<h5>RadioClassic: <em>Composer Petri Kuljuntausta and Underwater Music World<\/em>. (<a href=\"https:\/\/soundcloud.com\/radioclassicfi\/saveltaja-petri-kuljuntausta-ja-vedenalainen-musiikkimaailma?fbclid=IwAR0mo8ggN4RVDVlKg3p1g24vWrHlPhn-OiAHjxZFvP3XvZ1CtCpQXKvvm_4\">S\u00e4velt\u00e4j\u00e4 Petri Kuljuntausta ja vedenalainen musiikkimaailma<\/a>.)<\/h5>\n<h5>Harri Hautala: <a href=\"http:\/\/kuljuntausta.com\/download\/texts\/2016_Kokeellinen_musiikki_ja_kuvataide_liittoutuivat._Petri_Kuljuntaustan_haastattelu.pdf\" target=\"_blank\" rel=\"noopener noreferrer\">Kokeellinen musiikki ja kuvataide liittoutuivat. Petri Kuljuntaustan haastattelu<\/a><\/h5>\n<h5>Petri Kuljuntausta: <a href=\"http:\/\/kuljuntausta.com\/download\/texts\/2016_Petri_Kuljuntausta_-_Kommentteja_LIFE_AQUATICin_tekniikasta_ja_toteutuksesta.pdf\" target=\"_blank\" rel=\"noopener noreferrer\">Kommentteja LIFE AQUATICin tekniikasta ja toteutuksesta<\/a><\/h5>\n<h5>Petri Kuljuntausta: <a href=\"http:\/\/kuljuntausta.com\/download\/texts\/2016_Life_Aquatic-kasiohjelman_essee.pdf\" target=\"_blank\" rel=\"noopener noreferrer\">Life Aquatic -k\u00e4siohjelman essee<\/a><\/h5>\n<h5>2015<\/h5>\n<h5>Arnbj\u00f6rg Mar\u00eda Danielsen: <a href=\"http:\/\/kuljuntausta.com\/index.php\/magma-interview\/\" target=\"_blank\" rel=\"noopener noreferrer\">Petri Kuljuntausta, Composer<\/a><\/h5>\n<h5>Petri Kuljuntausta: <a href=\"http:\/\/www.cinemazine.net\/locked-groove-2013-petri-kuljuntausta\/\"><em>Locked Groove<\/em><\/a>, in Canyon Cinemazine 2015 \/ Issue 3 \u2014 Sound<\/h5>\n<h5>Petri Kuljuntausta: <a href=\"http:\/\/kuljuntausta.com\/download\/texts\/2015_Aanen_arkisuus_ja_ihmeellisyys.pdf\" target=\"_blank\" rel=\"noopener noreferrer\">\u00c4\u00e4nen arkisuus ja ihmeellisyys<\/a>, Mustekala 4\/2015, Vol. 61.<\/h5>\n<h5>Petri Kuljuntausta: <i>Preface <\/i>of the Music chapter<i>. <\/i>In Krysa, Joasia and Jussi Parikka (eds.) Writing and Unwriting (Media) Art History. Erkki Kurenniemi in 2048. The MIT Press. Cambridge.<\/h5>\n<p><strong>Petri Kuljuntausta: <a href=\"http:\/\/kuljuntausta.com\/download\/texts\/Petri_Kuljuntausta_-_Sound_%28Tammisaari-project%29_2015-09-12.rtf\"><em>Sound<\/em><\/a> (Eken\u00e4s project)<\/strong><\/p>\n<h5>Hanna Vainio: MUU ry Amorph! -performanssifestivaalista \u00e4\u00e4nitaiteeseen. Opinn\u00e4yte, Humak.<\/h5>\n<h5>2014<\/h5>\n<h5>Petri Kuljuntausta: <i>Tacet. Hiljaisuuden historiaa musiikissa ja taiteessa<\/i> <i>(Engl. Tacet. History of Silence in Music and Arts<\/i>). (manuscript, not yet published)<\/h5>\n<h5>Kari Nevalainen: <a href=\"http:\/\/kuljuntausta.com\/download\/texts\/Hifimaailma_-_Coverpetrikuljuntausta_interview.pdf\" target=\"_blank\" rel=\"noopener noreferrer\">Kaiutintaiteilija Petri Kuljuntausta<\/a>. Hifimaailma 6\/2014<\/h5>\n<h5>SUMU-hanke: <a href=\"http:\/\/kuljuntausta.com\/index.php\/sumu\/\" target=\"_blank\" rel=\"noopener noreferrer\">Petri Kuljuntausta vastaa SUMU-tutkimushankkeen s\u00e4velt\u00e4j\u00e4-kyselyyn<\/a><\/h5>\n<h5>2013<\/h5>\n<h5>Patricio Federico Calatayud: <a href=\"http:\/\/kuljuntausta.com\/index.php\/calatayud-analysis\/\" target=\"_blank\" rel=\"noopener noreferrer\">Creaci\u00f3n e Intenci\u00f3n, Arte y Gesto. An\u00e1lisis de Four notes (Cuatro notas) del compositor Petri Kuljuntausta<\/a><\/h5>\n<h5>Petri Kuljuntausta: <a href=\"http:\/\/kuljuntausta.com\/download\/texts\/P.Kuljuntausta_-_Live-elektroniikasta_ja_studios%c3%a4vellysten_esitt%c3%a4misest%c3%a4_%28kirjassa_%c3%84%c3%a4neen_ajateltua%29_2013.pdf\" target=\"_blank\" rel=\"noopener noreferrer\">Live-elektroniikasta ja studios\u00e4vellysten esitt\u00e4misest\u00e4<\/a><\/h5>\n<h5>Helicotrema: <a href=\"http:\/\/kuljuntausta.com\/index.php\/helicotrema-2013\/\" target=\"_blank\" rel=\"noopener noreferrer\">On Blast-Off and upcoming concert. Petri Kuljuntausta Interview<\/a><\/h5>\n<h5>Petri Kuljuntausta: <a href=\"http:\/\/kuljuntausta.com\/download\/texts\/Petri_Kuljuntausta_-_Kuiskauksia%20ja%20huutoja_-_%28Ymp%c3%a4rist%c3%b6%20ja%20Terveys_-_YT2-2013%2cs54-57%29_2013.pdf\" target=\"_blank\" rel=\"noopener noreferrer\">Kuiskauksia ja huutoja<\/a><\/h5>\n<h5>Leena Kuumola: <a href=\"http:\/\/kuljuntausta.com\/download\/texts\/P.Kuljuntausta_S.van.Ingen_-_Grooves_2009.pdf\" target=\"_blank\" rel=\"noopener noreferrer\">Grooves by Petri Kuljuntausta &amp; Sami van Ingen<\/a><\/h5>\n<h5>Petri Kuljuntausta: <a href=\"http:\/\/kuljuntausta.com\/index.php\/spindriftin-musiikin-rekonstruktio\/\">Huomioita tietokonefilmi <em>Spindriftin<\/em> (1966, Jan Bark &#8211; Erkki Kurenniemi) musiikin rekonstruoinnista<\/a><\/h5>\n<h5>Petri Kuljuntausta: <i>Ryoji Ikeda &#8211; Datamatics 2.0<\/i>. Article in Musica Nova festival program book.<\/h5>\n<h5>2012<\/h5>\n<h5>Helicotrema: <a href=\"http:\/\/kuljuntausta.com\/index.php\/great_white_bird\/\" target=\"_blank\" rel=\"noopener noreferrer\">Petri Kuljuntausta Interview<\/a><\/h5>\n<h5>Petri Kuljuntausta: <a href=\"http:\/\/kuljuntausta.com\/download\/texts\/Petri_Kuljuntausta_-_Stratocasterin_loppu_C.Marclayn_videoinstallaatio_Guitar_Drag_%28Musiikin_Suunta_2-2012%29.pdf\" target=\"_blank\" rel=\"noopener noreferrer\">Stratocasterin loppu: Christian Marclay&#8217;n videoinstallaatio Guitar Drag<\/a><\/h5>\n<h5>Petri Kuljuntausta: <i>L\u2019atelier du physicien. The Physicist&#8217;s Workshop.<\/i> ARTnord no. 11 \u2018Art Sonore &#8211; Sound Art\u2019, France. April 2012.<\/h5>\n<h5>2011<\/h5>\n<h5>Petri Kuljuntausta: <a href=\"http:\/\/kuljuntausta.com\/download\/texts\/Petri_Kuljuntausta_-_%c3%84%c3%a4nitaide_ja_kaupunkitila_%28Musiikin_suunta%29_2011.pdf\" target=\"_blank\" rel=\"noopener noreferrer\">\u00c4\u00e4nitaide ja kaupunkitila<\/a><\/h5>\n<h5>Petri Kuljuntausta: <a href=\"http:\/\/kuljuntausta.com\/download\/texts\/P.Kuljuntausta_-_%c3%84%c3%a4nell%c3%a4_on_v%c3%a4rins%c3%a4_%28kirjassa_Korville_piirretyt_kuvat%29_2011.pdf\" target=\"_blank\" rel=\"noopener noreferrer\">\u00c4\u00e4nell\u00e4 on v\u00e4rins\u00e4<\/a><\/h5>\n<h5>2010<\/h5>\n<h5>Selja Vanamo: Sf\u00e4\u00e4rien harmoniaa ja revontuli\u00e4\u00e4ni\u00e4: teknologinen ylev\u00e4 pythagoralaisten tieteess\u00e4 ja Petri Kuljuntaustan \u00e4\u00e4nitaiteessa. In Musiikin suunta 32 (2010) : 1, s. 61-70.<\/h5>\n<h5>Dario Martinelli: Petri Kuljuntausta <a href=\"http:\/\/kuljuntausta.com\/index.php\/how-authentic\/\" target=\"_blank\" rel=\"noopener noreferrer\">interview <\/a><\/h5>\n<h5>Petri Kuljuntausta: <a href=\"http:\/\/kuljuntausta.com\/index.php\/avaruusromua-20\/\" target=\"_blank\" rel=\"noopener noreferrer\">\u00c4\u00e4ret\u00f6nt\u00e4 \u00e4\u00e4nt\u00e4 eetteriss\u00e4<\/a><\/h5>\n<h5>Tanja Uimonen: <a href=\"http:\/\/kuljuntausta.com\/index.php\/sound-art-finland\/\" target=\"_blank\" rel=\"noopener noreferrer\">Sound Art in Finland<\/a><\/h5>\n<h5>2009<\/h5>\n<h5>Patricio Calatayud: Interview about the <a href=\"http:\/\/kuljuntausta.com\/index.php\/four-notes\/\" target=\"_blank\" rel=\"noopener noreferrer\">Four Notes <\/a>by Petri Kuljuntausta<\/h5>\n<h5>Aleksi Myllykoski: <a href=\"http:\/\/kuljuntausta.com\/index.php\/myllykoski-analyysi\/\" target=\"_blank\" rel=\"noopener noreferrer\">Analyysi 3. Petri Kuljuntausta: Still life<\/a><\/h5>\n<h5>2008<\/h5>\n<h5>Selja Lindstr\u00f6m: Sf\u00e4\u00e4rien harmonia ennen ja nyt. Pythagoralaiset ja Petri Kuljuntausta kosmisten \u00e4\u00e4nten j\u00e4ljill\u00e4. Musicological thesis, Turku university.<\/h5>\n<h5>Erdem Helvacioglu: <a href=\"http:\/\/kuljuntausta.com\/index.php\/helvacioglu_interview\/\" target=\"_blank\" rel=\"noopener noreferrer\">Petri Kuljuntausta Interview. On Soundscape Composition<\/a><\/h5>\n<h5>NightinGala Festival <a href=\"http:\/\/kuljuntausta.com\/download\/texts\/2008_Nightingala_Festival_booklet.pdf\">Booklet<\/a>.<\/h5>\n<h5>Davide Collonnari: <a href=\"http:\/\/kuljuntausta.com\/download\/texts\/2008_Davide_Collonnari_-_Zoosphere.txt\" target=\"_blank\" rel=\"noopener noreferrer\">Liner notes<\/a> of &#8216;Zoosphere \u2013 A musical encryption of animal sounds&#8217; CD<\/h5>\n<h5>Petri Kuljuntausta: <a href=\"http:\/\/kuljuntausta.com\/index.php\/alan_boldon\/\" target=\"_blank\" rel=\"noopener noreferrer\">To Alan Boldon. On Soundscape Music and Other Activities<\/a><\/h5>\n<h5>Lauri Levola: <a href=\"http:\/\/kuljuntausta.com\/index.php\/elektronimusiikin-surinasta-tuli-arkipaivaa\/\" target=\"_blank\" rel=\"noopener noreferrer\">Elektronimusiikin surinasta tuli arkip\u00e4iv\u00e4\u00e4<\/a><\/h5>\n<h5>Tiedonjyv\u00e4: <a href=\"http:\/\/kuljuntausta.com\/index.php\/tiedonjyva-haastattelu\/\" target=\"_blank\" rel=\"noopener noreferrer\">Petri Kuljuntaustan haastattelu<\/a><\/h5>\n<h5>2007<\/h5>\n<h5>Jukka Mikkola: <a href=\"http:\/\/kuljuntausta.com\/index.php\/fmq-interview_2007\/\" target=\"_blank\" rel=\"noopener noreferrer\">From Singing Northern Lights to a Chorus of Shrimps. Petri Kuljuntausta explores the unknown<\/a><\/h5>\n<h5>Petri Kuljuntausta &amp; John Richardson: <a href=\"http:\/\/kuljuntausta.com\/download\/texts\/P.Kuljuntausta_%26_J.Richardson_-_Going_with_the_Flow_%28in_Essays_on_Sound_and_Vision%29_2007.pdf\" target=\"_blank\" rel=\"noopener noreferrer\">Going with the Flow <\/a>(analysis of the music by Petri Kuljuntausta for a video and film works)<\/h5>\n<h5>Juha Torvinen: <a href=\"http:\/\/kuljuntausta.com\/download\/texts\/2007_Juha_Torvinen_-_Mihin_menet_musiikki._Petri_Kuljuntaustan_haastattelu.rtf\" target=\"_blank\" rel=\"noopener noreferrer\">Mihin menet musiikki. Petri Kuljuntaustan haastattelu<\/a><\/h5>\n<h5>Petri Kuljuntausta: <a href=\"http:\/\/kuljuntausta.com\/download\/texts\/2007_Festina_lente._Hitaan_muutoksen_aania.pdf\" target=\"_blank\" rel=\"noopener noreferrer\">Festina lente. Hitaan muutoksen \u00e4\u00e4ni\u00e4<\/a><\/h5>\n<h5>Petri Kuljuntausta: <a href=\"http:\/\/kuljuntausta.com\/index.php\/extreme-taiteesta\/\" target=\"_blank\" rel=\"noopener noreferrer\">Extreme-taiteesta ja rihmastoitumisesta<\/a><\/h5>\n<h5>2006<\/h5>\n<h5>Sirpa Jokinen: <a href=\"http:\/\/kuljuntausta.com\/index.php\/elektronimusiikin-haaste\/\" target=\"_blank\" rel=\"noopener noreferrer\">Elektronimusiikin haaste &#8211; arviot Petri Kuljuntaustan kirjoista <\/a><\/h5>\n<h5>2005<\/h5>\n<h5>Petri Kuljuntausta: <a href=\"http:\/\/kuljuntausta.com\/index.php\/yokomono\/\" target=\"_blank\" rel=\"noopener noreferrer\">&#8216;Nordic Prince&#8217; on Yokomono 3 Album (Staalplaat, 2005)<\/a><\/h5>\n<h5>Tanja Uimonen: <a href=\"http:\/\/kuljuntausta.com\/index.php\/uimonen-haastattelu\/\" target=\"_blank\" rel=\"noopener noreferrer\">Petri Kuljuntaustan haastattelu<\/a><\/h5>\n<h5>Markus Hippi: <a href=\"http:\/\/kuljuntausta.com\/index.php\/traffic-seagulls\/\" target=\"_blank\" rel=\"noopener noreferrer\">Traffic, Seagulls and Tons of Iron &#8211; even City Sounds are Valuable. Petri Kuljuntausta interview<\/a><\/h5>\n<h5>Petri Kuljuntausta: Uljas Uusi \u00c4\u00e4nimaailma. Ymp\u00e4rist\u00f6\u00e4\u00e4net, \u00e4\u00e4nimaisemat ja radiotehosteet virikkeiden antajina 1950-60-lukujen suomalaisessa akustisessa taiteessa. Kirjassa &#8216;Kuultava menneisyys&#8217;.<\/h5>\n<h5>Olli Sulopuisto: <a href=\"http:\/\/kuljuntausta.com\/index.php\/taustakohinaa\/\" target=\"_blank\" rel=\"noopener noreferrer\">Taustakohinaa. Petri Kuljuntaustan haastattelu<\/a><\/h5>\n<h5>Petri Kuljuntausta: &#8216;Kanneltalon elektro&#8217; ja &#8216;Helsinki-elektron ensiaskeleet&#8217;. Kirjassa Kulttuurikeskus kohtauspaikkana.<\/h5>\n<h5>Petri Kuljuntausta: <a href=\"http:\/\/kuljuntausta.com\/index.php\/aanen-lumo-10v\/\" target=\"_blank\" rel=\"noopener noreferrer\">\u00c4\u00e4nen Lumo 10-vuotta<\/a> (Charm of Sound 10th Anniversary essay)<\/h5>\n<h5>Hepa Halme: <a href=\"http:\/\/kuljuntausta.com\/index.php\/halme-haastattelu\/\" target=\"_blank\" rel=\"noopener noreferrer\">Haastattelu uran alkuvaiheista (1975-1994)<\/a><\/h5>\n<h5>Petri Kuljuntausta: <a href=\"http:\/\/kuljuntausta.com\/index.php\/sound-and-music\/\" target=\"_blank\" rel=\"noopener noreferrer\">Sound &amp; Music<\/a><\/h5>\n<h5>Sirpa Jokinen: <a href=\"http:\/\/kuljuntausta.com\/index.php\/audiovisuaalisia-tarinoita\/\" target=\"_blank\" rel=\"noopener noreferrer\">Audiovisuaalisia tarinoita, Audiovisual Stories<\/a><\/h5>\n<h5>2004<\/h5>\n<h5>Maria Candia: <a href=\"http:\/\/kuljuntausta.com\/download\/texts\/2004_Playing_The_Northern_Lights_by_Maria_Candia.JPG\" target=\"_blank\" rel=\"noopener noreferrer\">Playing the Northern Lights<\/a><\/h5>\n<h5>Maria Candia: <a href=\"http:\/\/kuljuntausta.com\/download\/texts\/ISEA2004_catalogue_pp.1_and_56.pdf\" target=\"_blank\" rel=\"noopener noreferrer\">Northern Lights Live<\/a>, writing in ISEA04 catalogue<\/h5>\n<h5>Petri Kuljuntausta: <a href=\"http:\/\/kuljuntausta.com\/index.php\/music-for-crane\/\" target=\"_blank\" rel=\"noopener noreferrer\">Music for crane, drills, electric saw, hammers and passing planes, trucks, cars and trains<\/a><\/h5>\n<h5>Petri Kuljuntausta: Radiophonics \u2013 somewhere between drama and music. In Finnish Music Quarterly.<\/h5>\n<h5>Petri Kuljuntausta: Sulla musica acusmatica, acustica e sulle interpretazioni della musica digitale, in 1\u00b0 Festival di Musica Acusmatica festival book, s. 23-26. Cagliari. Italy.<\/h5>\n<h5>Petri Kuljuntausta: \u00c4\u00e4nimaiseman ulottuvuuksia. Korvien puhdistamisesta urbaaniin noiseen. Nuori Voima 1\/2004.<\/h5>\n<h5>Petri Kuljuntausta: Finnish Sound Art. In Blind Sight \u2013 sound art gallery catalogue. Centerspace VRC, Dundee Scotland &amp; Titanik galleria. 2004.<\/h5>\n<h5>2003<\/h5>\n<h5>Petri Kuljuntausta: <a href=\"http:\/\/kuljuntausta.com\/index.php\/momentum-essay\/\" target=\"_blank\" rel=\"noopener noreferrer\">Liner notes<\/a> of Momentum album<\/h5>\n<h5>Petri Kuljuntausta: <a href=\"http:\/\/kuljuntausta.com\/download\/texts\/2003_Aanitaiteen_ja_elektronimusiikin_eXtreme.pdf\" target=\"_blank\" rel=\"noopener noreferrer\">\u00c4\u00e4nitaiteen ja elektronimusiikin eXtreme<\/a><\/h5>\n<h5>2002<\/h5>\n<h5>Petri Kuljuntausta: The Decade of The Beep. FrameNews 2\/2002. Frame Art Exchange.<\/h5>\n<h5>2001<\/h5>\n<h5>Petri Kuljuntausta: <a href=\"http:\/\/kuljuntausta.com\/index.php\/first-finnish-electronic-compositions\/\">The First Finnish Electronic Compositions.<\/a> Essay for the On\/Off CD.<\/h5>\n<h5>2000<\/h5>\n<h5>Petri Kuljuntausta: \u201cSoivan taiteen j\u00e4ljill\u00e4\u201d and \u201cSonic Boom\u201d, Kuva 6\/2000.<\/h5>\n<h5>1997<\/h5>\n<h5>Petri Kuljuntausta: \u201cCharm of Sound: Something new in the Finnish contemporary music scene?\u201d, Organised Sound 1997 Vol. 2, no. 1. Cambridge University Press. England.<\/h5>\n<h5>1996<\/h5>\n<h5>Petri Kuljuntausta: \u201cSemiotiikka, muutoksen logiikka, improvisaatio ja hypermusiikki: musiikin semioottis-looginen analyysimalli\u201d. Musiikki 1996:4.<\/h5>\n<h5>1995<\/h5>\n<h5>Petri Kuljuntausta: <a href=\"http:\/\/kuljuntausta.com\/index.php\/charm-of-sound\/\" target=\"_blank\" rel=\"noopener noreferrer\">\u00c4\u00e4nen Lumo -vuodet \/ Years of activity in Charm of Sound<\/a><\/h5>\n<h5>Petri Kuljuntausta: \u201c\u00c4\u00e4nten taide\u201d, in Lux sonor -exhibition catalogue. Helsingin taidehalli.<\/h5>\n<h5>Petri Kuljuntausta: \u201cImprovisointi ja kulttuuri\u201d, Musiikin suunta 1995 (Vol. 17 \/ Nr. 4).<\/h5>\n<h5>1994<\/h5>\n<h5>Petri Kuljuntausta: \u201cParadigmaattisen analyysin mahdollisuudet\u201d, Etnomusikologian vuosikirja Vol. 6 (1994).<\/h5>\n<h5>1992<\/h5>\n<h5>Petri Kuljuntausta: \u201cJazzin m\u00e4\u00e4rittelyst\u00e4\u201d, Musiikin suunta 1992 (Vol. 14 \/ Nr. 1)<\/h5>\n<h5>1989-1993<\/h5>\n<h5>Petri Kuljuntausta Project! &#8211; about <a href=\"http:\/\/kuljuntausta.com\/index.php\/pk-project\/\" target=\"_blank\" rel=\"noopener noreferrer\">the group<\/a><\/h5>\n<p><\/p>","protected":false},"excerpt":{"rendered":"<p>2019 Petri Kuljuntausta: Reminiscences &#8211; on the influence of Philip Glass and early minimal music.\u00a0 In Novak, Jelena and John Richardson (eds.) Einstein on the Beach: Opera beyond Drama. Routledge. 2018 Petri Kuljuntausta: Making of &#8216;Earth Sound&#8217; Installation. Soundest\u00a0 #1. Auli S\u00e4rki\u00f6-Pitk\u00e4nen: By the Sound. (\u00c4\u00e4nen \u00e4\u00e4rell\u00e4.) Rondo, September 2018. Cilla Bhose: Science connects to&hellip;<\/p>\n","protected":false},"author":1,"featured_media":0,"parent":0,"menu_order":0,"comment_status":"closed","ping_status":"closed","template":"","meta":{"spay_email":""},"yoast_head":"<!-- This site is optimized with the Yoast SEO plugin v15.4 - https:\/\/yoast.com\/wordpress\/plugins\/seo\/ -->\n<title>Texts - Petri Kuljuntausta<\/title>\n<meta name=\"robots\" content=\"index, follow, max-snippet:-1, max-image-preview:large, max-video-preview:-1\" \/>\n<link rel=\"canonical\" href=\"http:\/\/kuljuntausta.com\/index.php\/texts\/\" \/>\n<meta property=\"og:locale\" content=\"en_GB\" \/>\n<meta property=\"og:type\" content=\"article\" \/>\n<meta property=\"og:title\" content=\"Texts - Petri Kuljuntausta\" \/>\n<meta property=\"og:description\" content=\"2019 Petri Kuljuntausta: Reminiscences &#8211; on the influence of Philip Glass and early minimal music.\u00a0 In Novak, Jelena and John Richardson (eds.) Einstein on the Beach: Opera beyond Drama. Routledge. 2018 Petri Kuljuntausta: Making of &#8216;Earth Sound&#8217; Installation. Soundest\u00a0 #1. Auli S\u00e4rki\u00f6-Pitk\u00e4nen: By the Sound. (\u00c4\u00e4nen \u00e4\u00e4rell\u00e4.) Rondo, September 2018. Cilla Bhose: Science connects to&hellip;\" \/>\n<meta property=\"og:url\" content=\"http:\/\/kuljuntausta.com\/index.php\/texts\/\" \/>\n<meta property=\"og:site_name\" content=\"Petri Kuljuntausta\" \/>\n<meta property=\"article:modified_time\" content=\"2020-03-17T23:03:42+00:00\" \/>\n<meta name=\"twitter:card\" content=\"summary\" \/>\n<meta name=\"twitter:label1\" content=\"Written by\">\n\t<meta name=\"twitter:data1\" content=\"PK13425-OVH\">\n\t<meta name=\"twitter:label2\" content=\"Estimated reading time\">\n\t<meta name=\"twitter:data2\" content=\"4 minutes\">\n<script type=\"application\/ld+json\" class=\"yoast-schema-graph\">{\"@context\":\"https:\/\/schema.org\",\"@graph\":[{\"@type\":\"WebSite\",\"@id\":\"https:\/\/kuljuntausta.com\/#website\",\"url\":\"https:\/\/kuljuntausta.com\/\",\"name\":\"Petri Kuljuntausta\",\"description\":\"\",\"potentialAction\":[{\"@type\":\"SearchAction\",\"target\":\"https:\/\/kuljuntausta.com\/?s={search_term_string}\",\"query-input\":\"required name=search_term_string\"}],\"inLanguage\":\"en-GB\"},{\"@type\":\"WebPage\",\"@id\":\"http:\/\/kuljuntausta.com\/index.php\/texts\/#webpage\",\"url\":\"http:\/\/kuljuntausta.com\/index.php\/texts\/\",\"name\":\"Texts - Petri Kuljuntausta\",\"isPartOf\":{\"@id\":\"https:\/\/kuljuntausta.com\/#website\"},\"datePublished\":\"2016-09-20T19:32:41+00:00\",\"dateModified\":\"2020-03-17T23:03:42+00:00\",\"inLanguage\":\"en-GB\",\"potentialAction\":[{\"@type\":\"ReadAction\",\"target\":[\"http:\/\/kuljuntausta.com\/index.php\/texts\/\"]}]}]}<\/script>\n<!-- \/ Yoast SEO plugin. -->","jetpack_sharing_enabled":true,"jetpack_shortlink":"https:\/\/wp.me\/P7UaIW-1h","_links":{"self":[{"href":"https:\/\/kuljuntausta.com\/index.php\/wp-json\/wp\/v2\/pages\/79"}],"collection":[{"href":"https:\/\/kuljuntausta.com\/index.php\/wp-json\/wp\/v2\/pages"}],"about":[{"href":"https:\/\/kuljuntausta.com\/index.php\/wp-json\/wp\/v2\/types\/page"}],"author":[{"embeddable":true,"href":"https:\/\/kuljuntausta.com\/index.php\/wp-json\/wp\/v2\/users\/1"}],"replies":[{"embeddable":true,"href":"https:\/\/kuljuntausta.com\/index.php\/wp-json\/wp\/v2\/comments?post=79"}],"version-history":[{"count":65,"href":"https:\/\/kuljuntausta.com\/index.php\/wp-json\/wp\/v2\/pages\/79\/revisions"}],"predecessor-version":[{"id":1007,"href":"https:\/\/kuljuntausta.com\/index.php\/wp-json\/wp\/v2\/pages\/79\/revisions\/1007"}],"wp:attachment":[{"href":"https:\/\/kuljuntausta.com\/index.php\/wp-json\/wp\/v2\/media?parent=79"}],"curies":[{"name":"wp","href":"https:\/\/api.w.org\/{rel}","templated":true}]}}